ors of g(a)?
5, 17
List the prime factors of ((-8)/(-6))/((-16)/(-40356)).
3, 19, 59
Let w be 7/(-21) - 2/(-6). Suppose 4*x - 89 - 63 = w. What are the prime factors of x?
2, 19
Let t = -159 - -610. What are the prime factors of t?
11, 41
Let y(d) = 90*d**3 - 2*d**2 + 2*d - 2. What are the prime factors of y(1)?
2, 11
Let l be 7/((-7)/2)*-2. Suppose 4*g + 5*w = 531, -g - l*g - 3*w = -680. What are the prime factors of g?
139
Suppose -21*z + 477 = -12*z. What are the prime factors of z?
53
Suppose -2*f + 401 - 79 = 0. What are the prime factors of f?
7, 23
List the prime factors of ((-104)/78)/(4/(-1662)).
2, 277
Let q be -3*(124/(-12) + -4). Suppose 4*l - 17 - q = 0. List the prime factors of l.
3, 5
Let f(w) = w**2 + 2*w - 8. Let u = 7 + -12. Let n be f(u). List the prime factors of 3/7 - (-137)/n.
2, 5
Let w be (3 - -370)/((-5)/5). Let d = w - -601. What are the prime factors of d?
2, 3, 19
Let p be ((-4)/((-20)/3))/(3/15). Let d be 2/(2*(-1)/(-5)). List the prime factors of 177/d - p/(-5).
2, 3
Let q be 1*2 + 13 + -10. Suppose 248 = q*f - 2. List the prime factors of f.
2, 5
Suppose p + 0*p - 6 = 0. Let j be 240/(-32)*(-80)/p. Suppose -5*t - j = -5*f, -t + 8 = 3*t. What are the prime factors of f?
2, 11
Let c(b) = -8*b + 129. Suppose j = 2*j + 2*j. List the prime factors of c(j).
3, 43
Let b(a) = 18 + 41 + 10*a - 8*a. List the prime factors of b(-26).
7
Let a = 131 - 93. Suppose -41 = 3*x + 13. Let i = a + x. List the prime factors of i.
2, 5
Let s = 0 - 13. Let k = 19 + s. List the prime factors of k.
2, 3
Let i = -20 - -23. Suppose 2*t = i*t - 32. Suppose -t = -x - 3*c, 4*x = 5*x + 2*c - 32. What are the prime factors of x?
2
Suppose c - 826 = -3*u, 2*c - 2 = -6. What are the prime factors of u?
2, 3, 23
Let s(r) = 3*r**2 + 10*r - 7. Let h be s(6). Suppose -h = 5*g + 9. Let z = 60 + g. List the prime factors of z.
2, 13
Let x(d) = 7*d - 103. What are the prime factors of x(77)?
2, 109
Let r(o) = -2*o + 2. Let l be r(-4). Let n(w) = w**2 - 10*w + 21. Let t be n(9). List the prime factors of t/l*100/15.
2
Let d(z) be the first derivative of 2*z**3/3 - z - 10. What are the prime factors of d(-4)?
31
Let m(y) = 2*y**2 + y - 8. Suppose -4*j + 5*g + 8 = 57, 0 = -2*j - 3*g + 3. What are the prime factors of m(j)?
2, 29
List the prime factors of (-85 + (-16)/2)*(-2)/3.
2, 31
Let r be 3/(-15) - 112/(-10). Suppose -5*s - 1 = -2*f, 5*s - 3*f = -5*f + r. Suppose -s + 6 = u. What are the prime factors of u?
5
Suppose -7*f + 45 = -12*f. Let d(l) = l + 12. Let i be d(f). Suppose 3*k = 4*m - 88, -m - i*k + 11 = 4. What are the prime factors of m?
19
Let k = -25 + 49. Suppose 0 = k*o - 19*o - 50. List the prime factors of o.
2, 5
Let y = -230 - -558. What are the prime factors of y?
2, 41
What are the prime factors of 3307/3 - (-4)/(-12)?
2, 19, 29
Let w(f) = -f**2 - 14*f - 24. Let h be w(-10). What are the prime factors of (h/3 + -3)*3?
7
Suppose -5*k + 4*t + 4009 = 0, -k + 0*t - t + 809 = 0. List the prime factors of k.
5, 7, 23
Suppose 116*v = 118*v - 2156. What are the prime factors of v?
2, 7, 11
Suppose 0 = 4*w - 2*t + 48 - 3120, -5*t = -3*w + 2304. What are the prime factors of w?
2, 3
Let b be 4709/(-51) + 4/(-6). Let g = b - -162. What are the prime factors of g?
3, 23
Suppose -2*a = 2*a - 4*b + 8, 0 = 3*a + 5*b - 10. Let x = -1 + a. Let h(c) = -11*c. List the prime factors of h(x).
11
Let o(h) = -h**3 - 10*h**2 - 17*h - 22. What are the prime factors of o(-9)?
2, 5
Let y(j) = -105*j - 35. List the prime factors of y(-3).
2, 5, 7
Let a = 1074 - 371. List the prime factors of a.
19, 37
Suppose -5*g + i + 222 = 2*i, 4*i = 3*g - 147. Suppose 33 = 3*r - g. List the prime factors of r.
2, 13
Let d(y) = -2*y**3 + 20*y**2 - 18*y - 9. What are the prime factors of d(5)?
151
Let m(y) = y**2 + 13*y - 156. What are the prime factors of m(27)?
2, 3, 7, 11
Let c(v) be the second derivative of 3/2*v**2 + 5*v + 1/4*v**4 + 0 + 2/3*v**3 - 1/20*v**5. What are the prime factors of c(4)?
3
Suppose -9*r + 28*r = 5795. What are the prime factors of r?
5, 61
Suppose 0 = -35*s + 30*s - 5375. List the prime factors of s/(-9) + 16/(-36).
7, 17
Let r = 51 + -33. Let q = 37 - r. What are the prime factors of q?
19
Suppose 0*o + 5*x = 4*o - 64, -2*o + 32 = -5*x. What are the prime factors of (6/(-4))/((-24)/o) + 238?
239
Suppose 2*h - 3*h = 0. What are the prime factors of (10 - 7) + (h - -42)?
3, 5
Suppose 4*t = -31 - 69. What are the prime factors of 0 - 1*(t + 4)?
3, 7
Suppose -3*x + 429 = -1302. What are the prime factors of x?
577
List the prime factors of 2094/3 - 48/(-8).
2, 11
Let y be (994/21)/((-2)/(-18)). Suppose -88 = -w - x, x = 5*w - x - y. List the prime factors of w.
2, 43
List the prime factors of (-6 - (11410/21)/(-10))*6.
2, 5, 29
Let o(g) = 5*g**3 + 4*g**2 - 6*g - 6. Let b be o(-4). Let w = b + 351. What are the prime factors of w?
113
Let n be 7/(21/9) - 3/1. Suppose h = 2*t - 99, -5*t + 3*t + 5*h + 111 = n. What are the prime factors of t?
2, 3
Let g be (-2)/(-6) - 3410/(-66). Suppose 2*u - 4*h - 240 = g, -u + 149 = -3*h. What are the prime factors of u?
2, 5, 7
Let l(g) = g**2 + 7*g + 11. Let k be l(-6). Suppose -k*v = 2*v - 462. What are the prime factors of v?
2, 3, 11
Let n(z) = -z - 9. Suppose u + 12 + 0 = 0. Let x be n(u). Suppose -l - x*l = -284. List the prime factors of l.
71
What are the prime factors of 120*((-124)/(-12) - 6)?
2, 5, 13
Suppose -104 = -8*r - 5*r. Suppose -r*j = -4*j - 404. List the prime factors of j.
101
Let m(t) = 25*t**2 - 26*t - 48. What are the prime factors of m(-2)?
2, 13
Let m be (1/(-5))/((-4)/20). List the prime factors of m - (3 + 2) - -86.
2, 41
Let r be 7/(42/4)*-12. Let b(j) = -j**3 - 8*j**2 - 2*j - 12. Let c be b(r). Suppose 0 = c*n + 5*g - 103, 2*n + g + 2*g - 53 = 0. List the prime factors of n.
2, 11
Let y(l) = 5 + 1 + 3 - 16*l - 3*l**2 - 2 + l**3. Let q be y(6). Suppose -q*c + 24*c = 175. List the prime factors of c.
5, 7
Let o be (-44*16)/(-4)*2. What are the prime factors of 15*6/(-9)*o/(-20)?
2, 11
Suppose 190 = -63*n + 58*n. Let f = n - -177. What are the prime factors of f?
139
Let z(j) be the first derivative of -j**4/4 - 8*j**3/3 - 2*j**2 + j + 15. List the prime factors of z(-8).
3, 11
Let v = 315 + -135. Let b = 256 - v. What are the prime factors of (0 - b/20)*-5?
19
Suppose 3*u + 2*z - 51 = -0*z, 0 = -3*u + 2*z + 39. Let n be u/3 + (-3 - -2). What are the prime factors of 3/6 + 90/n?
23
Let v(x) = 8*x**2 + 33*x - 14. What are the prime factors of v(15)?
2281
Let m = 369 - -503. What are the prime factors of m?
2, 109
Suppose f + 5 = 0, 3*z - 206 = z + 2*f. List the prime factors of z.
2, 7
Let w(c) = -8*c**3 + c**2. Let v be w(-1). Let h(o) = -o**2 + 8*o + 6. Let z be h(v). Let y = z + 6. List the prime factors of y.
3
Let z = -285 + 737. List the prime factors of z.
2, 113
Let o(w) = -11*w + 203. List the prime factors of o(-39).
2, 79
Let r(v) = 5*v**3 + 6*v**2 - 19*v + 80. What are the prime factors of r(7)?
2, 3, 163
Suppose 7*f - 18*f + 10593 = 0. List the prime factors of f.
3, 107
Let n(d) = -d**3 + 10*d**2 + 4*d - 15. Let s be n(12). Let f = -105 - s. List the prime factors of f.
2, 3, 5
Suppose 3*d = -5*c + 27, -d + 14 - 4 = 2*c. Suppose d*v = v + 99. List the prime factors of v.
3, 11
Suppose -6*c = -2*c - 140. Let u = 54 - c. Suppose 0 = -23*g + u*g + 72. What are the prime factors of g?
2, 3
Let s(w) = 3*w**3 - w**2 - 3*w + 2. Let f be s(2). List the prime factors of 11/(68/f - 4).
2, 11
Let l = 36 - 26. Let b = l + -8. List the prime factors of (b - 0)/(6/15).
5
Let x = -69 - -63. Let z(t) = -16*t + 41. List the prime factors of z(x).
137
Suppose -33*y = -21*y - 9312. List the prime factors of y.
2, 97
Suppose -2*h = -20 - 446. Suppose 5*d - 4*c - 1296 + 112 = 0, 0 = -d - 3*c + h. What are the prime factors of d?
2, 59
Let o(p) = -202*p - 54. What are the prime factors of o(-3)?
2, 3, 23
Let q = -16 - -18. Suppose 2*s - 3*u = 112, -12 = u + q*u. Suppose -d = -19 - s. What are the prime factors of d?
3, 23
Let j(y) = 4*y**2 - 18*y + 22. What are the prime factors of j(-9)?
2, 127
Let l be (8*(-4)/8)/(-1). Let m(y) = -2*y + 2 - l*y + 9 + 0*y + y**2. What are the prime factors of m(9)?
2, 19
Suppose 3*s - 3789 = -486. List the prime factors of s.
3, 367
Suppose 0*b = 2*b + 30. Let n